= p. Let u = 5 + r. What is the units digit of u?
5
Suppose 5*y = 2*y + 69. Suppose 2*n - 2*t - 9 = 1, 4*t = 5*n - y. What is the units digit of ((-3)/(-2))/(n/12)?
6
Suppose 0 = 2*n - 4*n + 6, -4*s + 3*n - 1 = 0. What is the units digit of s?
2
Suppose a = -2*h - 23, -4*h - 7*a = -2*a + 61. Let f = h + 29. What is the tens digit of (f/(-6))/((-4)/12)?
1
Let x(t) = -t + 8. Let j be x(6). Suppose j*w = -13 + 55. What is the units digit of w?
1
Let i be (3/2)/(3/6). Let r be i/(10/4 - 1). Let m(g) = 2*g**3 - 3*g**2 + 1. What is the units digit of m(r)?
5
Suppose -40*u + 165 = -37*u. What is the units digit of u?
5
Let f = -2 - -3. What is the units digit of -1 + 15/f + -1?
3
Let k = -4 - -7. Suppose 5*g = -4*a + 52, a = 2*a - k*g - 13. What is the tens digit of a?
1
Suppose -2*n + 3*n - 68 = 0. What is the tens digit of n?
6
Suppose -4*s + 0*s = -336. Let u = s - 43. What is the units digit of u?
1
Let k be (-4)/12 + 22/(-6). Let d be (-3)/k - 4/(-16). Suppose 4*x - 8 = 5*a + d, 3 = 2*x - 3*a. What is the units digit of x?
6
Suppose 6 = -4*s + 2, -3*s + 333 = 3*c. What is the units digit of c?
2
Let l = -28 + 32. What is the units digit of l?
4
Let c be 4 - (1 + -1) - 1. Let w = c + 0. Suppose -m = -w*h + 2, 2*h = -0*m + m - 2. What is the tens digit of m?
1
Let d(n) = 4*n. Let h be d(1). Let b(f) = f**3 - 5*f**2 + 5*f + 1. What is the units digit of b(h)?
5
Suppose -4*l - 18 = h, -3*h + 28 = 3*l + 91. Let w = -12 - h. Suppose 4*v - 2*d + 5*d = w, -4 = -2*d. What is the units digit of v?
1
Let y(z) be the first derivative of z**2/2 + 6*z - 3. What is the units digit of y(-5)?
1
Let k(h) = 14*h - 1. What is the tens digit of k(4)?
5
Let j = -21 - -18. Let b(d) = -6*d - 3. What is the tens digit of b(j)?
1
Let p(o) = 7*o**2 - o + 1. What is the tens digit of p(2)?
2
Let x be (-18)/(-30) + (-14)/(-10). What is the units digit of x*(-2)/(-8)*6?
3
Suppose -3*d + 463 = -8. What is the units digit of d?
7
Let y = 138 - 97. What is the tens digit of y?
4
Let b(i) = -i**3 - 14*i**2 + 14*i - 12. What is the units digit of b(-15)?
3
Let d = 0 + 0. Suppose 0 = 5*i + 10 - d. What is the tens digit of 3/(-6)*i*13?
1
Let a(c) = 3*c**3 + 2*c**2 + c - 1. Let u be a(2). Suppose -2*v + 3*v - u = 0. What is the tens digit of v?
3
Let b(j) = -6*j**3 + 1. Let i be b(1). What is the units digit of (i + 6)*(-1 + 3)?
2
Let o = 4 - -1. Let n = -36 - -57. Suppose -j - 5 = o*m - 15, -n = -2*m + 3*j. What is the units digit of m?
3
Let h(a) = 2*a**2 + 9*a - 10. What is the tens digit of h(8)?
9
Let h = 16 + -7. Suppose -2*b - b = h. Let n = b - -5. What is the units digit of n?
2
Let m(u) = -4*u. Let g be m(-2). Suppose c + 4*j = 7, 3*c + 2*j = c + g. What is the units digit of 1 - (42/(-2))/c?
8
Let d = 295 - 104. What is the hundreds digit of d?
1
Let c(j) = -j**2 - 10*j + 5. What is the tens digit of c(-5)?
3
Suppose 394 - 2396 = -7*g. What is the units digit of g?
6
Suppose 44 = -3*s + 146. What is the tens digit of s?
3
Let u = -58 - -127. What is the tens digit of u?
6
Let p(o) = -o**3 + o**2 - 2*o. Let r be p(2). Let x = 15 + r. Let b = 4 + x. What is the tens digit of b?
1
Suppose -5*j = j - 516. What is the tens digit of j?
8
Suppose -3*p + 8*p - 3*r = 319, -4*p + 2*r = -254. What is the units digit of p?
2
What is the hundreds digit of 2/((-8)/(-1)) - (-1725)/12?
1
Suppose -x - x - 4*o + 292 = 0, 4*x - 588 = -4*o. Suppose -4*v + 2*p + x = 7*p, -v - 3*p + 44 = 0. What is the tens digit of v?
3
Let i = 178 + -127. What is the units digit of i?
1
Suppose 0*x - 2*v = x - 27, -65 = -3*x + 2*v. What is the tens digit of x?
2
Let h(c) = c**3 + 9*c**2 + 2. Suppose 0 = -3*x - 6, -7 = -3*v + 4*v - x. Let i be h(v). Let t(m) = 2*m**3 - m**2 - 2*m + 2. What is the tens digit of t(i)?
1
What is the units digit of 175/4 - 6/(-24)?
4
What is the tens digit of (164/(-6))/((-24)/36)?
4
Let d(x) be the first derivative of -x**4/12 + 3*x**3/2 + 13*x**2/2 - x - 2. Let m(v) be the first derivative of d(v). What is the units digit of m(9)?
3
Suppose 4*o = 6*o - 4. Suppose 4*m + 8 = 0, -5*i + m + 8 = o*m. What is the units digit of i?
2
Suppose 0 = -2*a + 12 + 8. What is the tens digit of a?
1
Let s = -2 + 6. Let x = s - 0. What is the units digit of x?
4
Let q = 62 - -42. What is the tens digit of q?
0
Let j be ((-27)/(-12))/((-3)/8). Let n be -4*((-15)/j + -3). Suppose -c + n*c = 8. What is the units digit of c?
8
Let d = 90 + -9. What is the units digit of d?
1
Let q = 26 - 17. Let f(p) = p**3 - 8*p**2 - 8*p - 4. Let g be f(q). Suppose g*d + 15 = 105. What is the tens digit of d?
1
Suppose 4*q = -0*q. Suppose q = -3*d + 8*d - 50. What is the units digit of d?
0
Suppose 0 = 2*t - 2, -6 = -4*d + 2*t. Let k be 4 + d + -1 - 2. Let m(c) = c - 2. What is the units digit of m(k)?
1
Suppose 0*n - n = 4*c - 35, 4*n + 20 = 4*c. Let d(b) = 2*b + 9. What is the tens digit of d(c)?
2
Let o(d) be the third derivative of d**5/30 + d**4/12 + d**3/3 - 2*d**2. Let l(m) be the first derivative of o(m). What is the units digit of l(2)?
0
Suppose n = -2*z + 1, 0 = 5*z - 3*n - 0*n + 3. Suppose 72 = 3*i - z*i + 4*y, -y + 120 = 5*i. What is the tens digit of i?
2
Suppose -v = 4*i - 293, -404 = -5*i - 3*v - 29. What is the tens digit of i?
7
Suppose 0 = -k - k. Suppose 4*g - 1 - 67 = k. What is the tens digit of g?
1
Let r be (6/4)/((-6)/16). Suppose 0 = -4*p + 5*p - 5. Let a = r + p. What is the units digit of a?
1
Suppose 13 + 5 = -3*t. What is the tens digit of 43/3 - (-2)/t?
1
Let n = 30 + -16. What is the units digit of n?
4
Let k = -22 - -31. Let q(b) = -b**3 + 3*b**2 + b + 2. Let s be q(3). Suppose -2*a + s + k = 0. What is the units digit of a?
7
Suppose 4*v = -4*z + 16, 5*v - 8 - 9 = -4*z. Let r be 1 + v/(-1 + 2). What is the units digit of r/7 - (-40)/7?
6
Let s = -11 - 36. Let r = -15 - s. What is the tens digit of r?
3
Let s = 11 + -7. What is the units digit of (-44)/(-3) - s/(-12)?
5
Let n = -9 - -292. What is the tens digit of n?
8
Suppose 0 = w - 3*w + 3*y + 132, -8 = -2*y. What is the units digit of w?
2
Suppose 4*o + 3*z = 25 + 2, -5*o = -2*z - 5. Let a = o + 1. Suppose -20 = -0*y - a*y. What is the units digit of y?
5
Let p(v) be the second derivative of v**4/12 + v**3/2 - v**2/2 + 7*v. What is the tens digit of p(4)?
2
Suppose -h = -5*r + 2*h + 42, -12 = -4*r - 3*h. What is the units digit of r?
6
Let j be 1/1 - (3 - 2). Let w be (-108)/(-14) + 4/14. Suppose j = -2*k + k + w. What is the units digit of k?
8
Let l(h) = h. Let d be l(6). What is the units digit of ((-44)/10)/(d/(-15))?
1
Let a(d) = 2*d**2 - 4*d. What is the tens digit of a(-5)?
7
Suppose 12 = i - 2*q, -5*i - 12 = -i + 4*q. Suppose -3*l + s + 17 = -54, -i*s = 2*l - 42. What is the units digit of l?
3
Let p(w) = -w**3 + 9*w**2 - 7*w + 10. Let n(x) = x**2 + 0 - 3 + 11*x - 1. Let q be n(-12). What is the tens digit of p(q)?
1
Let z = 14 - 6. Suppose 20 = 4*f - b - z, 44 = 5*f + b. What is the units digit of f?
8
Suppose -3*h = 3*a - 0*h - 36, -12 = -2*a + 4*h. What is the tens digit of (a*1)/(-2 - -3)?
1
Let p(w) = -w**2 - 11*w - 9. Let d be p(-8). Suppose -6*r - d = -r. Let l = r + 4. What is the units digit of l?
1
Let c be ((-2)/(-4) - 1)*16. Let s be (-24)/(-15) - c/20. Suppose 0 - 15 = -3*n, -4*d + 50 = -s*n. What is the tens digit of d?
1
Let m = -6 + 148. What is the tens digit of m?
4
Suppose 0 = -v - 2*v. Suppose 5*k + 12 = -s + k, v = -5*k - 15. What is the units digit of 5 - s/(-1 - -4)?
5
Let j(b) = -3*b**3 + b - 2. Let c be 1 + 3 - (-54)/(-9). What is the tens digit of j(c)?
2
Suppose -3*v + 6 = -0*v. Let c(h) = h**2 + 2*h - 1. What is the units digit of c(v)?
7
Let o = -66 - -136. What is the units digit of o?
0
Suppose -5*x + 18 = -2*d, 4*x - d = 3*d + 12. What is the units digit of (x/6)/((-18)/(-351))?
3
Let w be (-1)/(-2)*18*-2. What is the tens digit of 8/(-36) - 436/w?
2
Let c(z) = z**3 + 12*z**2 + 11*z. Let k be c(-11). Let a(t) = t**3 - t + 5. What is the units digit of a(k)?
5
Let m = 3 - -5. Suppose 2*p = -0*p + 4*i + 10, 0 = 4*p + 4*i - m. Let n = p - 2. What is the units digit of n?
1
What is the units digit of 146/8*(7 - -1 - 0)?
6
Let h(k) = -2*k**2 - 3*k - 4. Let c be h(-4). Let j be 9/15 - c/10. Suppose j*m - 18 = 12. What is the units digit of m?
0
Let l = -5 + 7. Suppose -56 = -2*i - 7*z + 3